{"id":25,"date":"2018-05-01T14:44:14","date_gmt":"2018-05-01T12:44:14","guid":{"rendered":"http:\/\/kinesiologie-luxembourg.com\/?page_id=25"},"modified":"2021-04-18T20:25:48","modified_gmt":"2021-04-18T18:25:48","slug":"accueil","status":"publish","type":"page","link":"https:\/\/kinesiologie-luxembourg.com\/","title":{"rendered":"Accueil"},"content":{"rendered":"<p style=\"text-align: center;\">La <strong><span style=\"color: #339966;\">kin\u00e9siologie<\/span><\/strong> est une technique visant \u00e0\u00a0 permettre \u00e0 chacun de retrouver<br \/>\n<strong><span style=\"color: #1e5478;\">tout son potentiel, son bien-\u00eatre<\/span>.<\/strong><\/p>\n<p style=\"text-align: center;\"><img loading=\"lazy\" decoding=\"async\" class=\"wp-image-52 aligncenter\" src=\"http:\/\/kinesiologie-luxembourg.com\/wp-content\/uploads\/2018\/05\/arbre1-300x200.jpg\" alt=\"\" width=\"381\" height=\"254\" srcset=\"https:\/\/kinesiologie-luxembourg.com\/wp-content\/uploads\/2018\/05\/arbre1-300x200.jpg 300w, https:\/\/kinesiologie-luxembourg.com\/wp-content\/uploads\/2018\/05\/arbre1-768x512.jpg 768w, https:\/\/kinesiologie-luxembourg.com\/wp-content\/uploads\/2018\/05\/arbre1-1024x683.jpg 1024w\" sizes=\"auto, (max-width: 381px) 100vw, 381px\" \/><\/p>\n<p style=\"text-align: center;\">Une s\u00e9ance dure environ une heure.<br \/>\nEn g\u00e9n\u00e9ral, une ou deux s\u00e9ances suffisent pour une th\u00e9matique.<\/p>\n<p style=\"text-align: left;\">Cette technique est adapt\u00e9e aux personnes quelque soit leur \u00e2ge, leur situation, leur \u00e9tat de sant\u00e9 ainsi qu&rsquo;aux animaux montrant des signes :<br \/>\n&#8211; de stress, de blocages, de peurs,<br \/>\n&#8211; de difficult\u00e9s d\u2019apprentissage,<br \/>\n&#8211; de manque de confiance en soi,<br \/>\n&#8211; de difficult\u00e9s de concentration et de compr\u00e9hension,<br \/>\n&#8211; de difficult\u00e9s relationnelles,<br \/>\n&#8211;\u00a0de performances sportives r\u00e9duites,<br \/>\n&#8211; de cr\u00e9ativit\u00e9 bloqu\u00e9e,<br \/>\net ceci dans tous les domaines de la vie dans lesquels un blocage emp\u00eache de <strong><span style=\"color: #1e5478;\">fonctionner de mani\u00e8re optimale.<\/span><\/strong><\/p>\n<p><em>En kin\u00e9siologie, nous ne diagnostiquons aucune maladie et ne prescrivons aucun traitement. <\/em><strong><span style=\"color: #339966;\">Nous aidons la personne \u00e0 se sentir mieux, \u00e0 se lib\u00e9rer de stress \/de blocages, \u00e0 retrouver tout son potentiel gr\u00e2ce \u00e0 un test musculaire.<\/span><\/strong><\/p>\n","protected":false},"excerpt":{"rendered":"<p>La kin\u00e9siologie est une technique visant \u00e0\u00a0 permettre \u00e0 chacun de retrouver tout son potentiel, son bien-\u00eatre. Une s\u00e9ance dure environ une heure. En g\u00e9n\u00e9ral, une ou deux s\u00e9ances suffisent pour une th\u00e9matique. Cette technique est adapt\u00e9e aux personnes quelque soit leur \u00e2ge, leur situation, leur \u00e9tat de sant\u00e9 ainsi qu&rsquo;aux animaux montrant des signes &hellip; <\/p>\n<p class=\"link-more\"><a href=\"https:\/\/kinesiologie-luxembourg.com\/\" class=\"more-link\">Continuer la lecture<span class=\"screen-reader-text\"> de &laquo;&nbsp;Accueil&nbsp;&raquo;<\/span><\/a><\/p>\n","protected":false},"author":1,"featured_media":0,"parent":0,"menu_order":0,"comment_status":"closed","ping_status":"closed","template":"","meta":{"footnotes":""},"class_list":["post-25","page","type-page","status-publish","hentry"],"_links":{"self":[{"href":"https:\/\/kinesiologie-luxembourg.com\/index.php?rest_route=\/wp\/v2\/pages\/25","targetHints":{"allow":["GET"]}}],"collection":[{"href":"https:\/\/kinesiologie-luxembourg.com\/index.php?rest_route=\/wp\/v2\/pages"}],"about":[{"href":"https:\/\/kinesiologie-luxembourg.com\/index.php?rest_route=\/wp\/v2\/types\/page"}],"author":[{"embeddable":true,"href":"https:\/\/kinesiologie-luxembourg.com\/index.php?rest_route=\/wp\/v2\/users\/1"}],"replies":[{"embeddable":true,"href":"https:\/\/kinesiologie-luxembourg.com\/index.php?rest_route=%2Fwp%2Fv2%2Fcomments&post=25"}],"version-history":[{"count":4,"href":"https:\/\/kinesiologie-luxembourg.com\/index.php?rest_route=\/wp\/v2\/pages\/25\/revisions"}],"predecessor-version":[{"id":171,"href":"https:\/\/kinesiologie-luxembourg.com\/index.php?rest_route=\/wp\/v2\/pages\/25\/revisions\/171"}],"wp:attachment":[{"href":"https:\/\/kinesiologie-luxembourg.com\/index.php?rest_route=%2Fwp%2Fv2%2Fmedia&parent=25"}],"curies":[{"name":"wp","href":"https:\/\/api.w.org\/{rel}","templated":true}]}}