{"id":225,"date":"2023-12-10T16:18:48","date_gmt":"2023-12-10T15:18:48","guid":{"rendered":"https:\/\/kinesiologie-luxembourg.com\/?page_id=225"},"modified":"2023-12-10T16:21:19","modified_gmt":"2023-12-10T15:21:19","slug":"unik","status":"publish","type":"page","link":"https:\/\/kinesiologie-luxembourg.com\/?page_id=225","title":{"rendered":"UNIK"},"content":{"rendered":"\n<figure class=\"wp-block-image size-large\"><img loading=\"lazy\" decoding=\"async\" width=\"1024\" height=\"852\" src=\"https:\/\/kinesiologie-luxembourg.com\/wp-content\/uploads\/2023\/12\/thumbnail_Logo-UNIK-1024x852.jpg\" alt=\"\" class=\"wp-image-226\" srcset=\"https:\/\/kinesiologie-luxembourg.com\/wp-content\/uploads\/2023\/12\/thumbnail_Logo-UNIK-1024x852.jpg 1024w, https:\/\/kinesiologie-luxembourg.com\/wp-content\/uploads\/2023\/12\/thumbnail_Logo-UNIK-300x250.jpg 300w, https:\/\/kinesiologie-luxembourg.com\/wp-content\/uploads\/2023\/12\/thumbnail_Logo-UNIK-768x639.jpg 768w, https:\/\/kinesiologie-luxembourg.com\/wp-content\/uploads\/2023\/12\/thumbnail_Logo-UNIK.jpg 1155w\" sizes=\"auto, (max-width: 767px) 89vw, (max-width: 1000px) 54vw, (max-width: 1071px) 543px, 580px\" \/><\/figure>\n\n\n\n<p>Je suis adh\u00e9rente aupr\u00e8s de la F\u00e9d\u00e9ration de Kin\u00e9siologie UNIK &#8211; Union Nationale et Internationale de Kin\u00e9siologie qui \u0153uvre pour une pratique \u00e9thique et qualitative de la kin\u00e9siologie.<\/p>\n\n\n\n<p>Site internet :&nbsp;<a href=\"https:\/\/emea01.safelinks.protection.outlook.com\/?url=http%3A%2F%2Fwww.unik-kinesiologie.eu%2F&amp;data=05%7C01%7C%7C913d94124c214792ed5708dbf4eddbd4%7C84df9e7fe9f640afb435aaaaaaaaaaaa%7C1%7C0%7C638373074677016947%7CUnknown%7CTWFpbGZsb3d8eyJWIjoiMC4wLjAwMDAiLCJQIjoiV2luMzIiLCJBTiI6Ik1haWwiLCJXVCI6Mn0%3D%7C3000%7C%7C%7C&amp;sdata=YAa09u4UUIphSoRkfOA8MfAa3h4B1aRITB6w6d9DeCA%3D&amp;reserved=0\">https:\/\/unik-kinesiologie.eu<\/a><\/p>\n\n\n\n<p><\/p>\n","protected":false},"excerpt":{"rendered":"<p>Je suis adh\u00e9rente aupr\u00e8s de la F\u00e9d\u00e9ration de Kin\u00e9siologie UNIK &#8211; Union Nationale et Internationale de Kin\u00e9siologie qui \u0153uvre pour une pratique \u00e9thique et qualitative de la kin\u00e9siologie. Site internet :&nbsp;https:\/\/unik-kinesiologie.eu<\/p>\n","protected":false},"author":1,"featured_media":0,"parent":0,"menu_order":0,"comment_status":"closed","ping_status":"closed","template":"","meta":{"footnotes":""},"class_list":["post-225","page","type-page","status-publish","hentry"],"_links":{"self":[{"href":"https:\/\/kinesiologie-luxembourg.com\/index.php?rest_route=\/wp\/v2\/pages\/225","targetHints":{"allow":["GET"]}}],"collection":[{"href":"https:\/\/kinesiologie-luxembourg.com\/index.php?rest_route=\/wp\/v2\/pages"}],"about":[{"href":"https:\/\/kinesiologie-luxembourg.com\/index.php?rest_route=\/wp\/v2\/types\/page"}],"author":[{"embeddable":true,"href":"https:\/\/kinesiologie-luxembourg.com\/index.php?rest_route=\/wp\/v2\/users\/1"}],"replies":[{"embeddable":true,"href":"https:\/\/kinesiologie-luxembourg.com\/index.php?rest_route=%2Fwp%2Fv2%2Fcomments&post=225"}],"version-history":[{"count":2,"href":"https:\/\/kinesiologie-luxembourg.com\/index.php?rest_route=\/wp\/v2\/pages\/225\/revisions"}],"predecessor-version":[{"id":229,"href":"https:\/\/kinesiologie-luxembourg.com\/index.php?rest_route=\/wp\/v2\/pages\/225\/revisions\/229"}],"wp:attachment":[{"href":"https:\/\/kinesiologie-luxembourg.com\/index.php?rest_route=%2Fwp%2Fv2%2Fmedia&parent=225"}],"curies":[{"name":"wp","href":"https:\/\/api.w.org\/{rel}","templated":true}]}}