{"id":211,"date":"2021-05-06T20:33:11","date_gmt":"2021-05-06T18:33:11","guid":{"rendered":"https:\/\/kinesiologie-luxembourg.com\/?page_id=211"},"modified":"2026-04-18T16:04:14","modified_gmt":"2026-04-18T14:04:14","slug":"rendez-vous-via-doctena","status":"publish","type":"page","link":"https:\/\/kinesiologie-luxembourg.com\/?page_id=211","title":{"rendered":"Rendez-vous via Doctena"},"content":{"rendered":"\n<p>Pour les s\u00e9ances \u00e0 <strong>Hautcharage, Perl\u00e9 ou Mondorf-les-Bains<\/strong> , vous pouvez \u00e9galement prendre rendez vous directement sur Doctena.lu via le lien ci-dessous (y compris pour les <strong>s\u00e9ances \u00e0 distance<\/strong>*) oue en faisant une recherche sur \u00ab\u00a0Loisel\u00a0\u00bb.<\/p>\n\n\n\n<p class=\"has-vivid-cyan-blue-color has-white-background-color has-text-color has-background\"><a href=\"https:\/\/fr.doctena.lu\/praticien\/Severine_Loisel-1006319#17091\">S\u00e9verine Loisel (Kinesiologie) \u00e0 L-4949 Hautcharage | Doctena<\/a><\/p>\n\n\n\n<pre class=\"wp-block-code\"><code><strong>Pour les s\u00e9ances \u00e0 domicile, merci de me contacter par e-mail ou par t\u00e9l\u00e9phone.<\/strong><\/code><\/pre>\n\n\n\n<p class=\"has-black-color has-text-color\">Dans tous les cas, vous pouvez me contacter par e-mail ou par t\u00e9l\u00e9phone.<\/p>\n\n\n\n<p class=\"has-black-color has-text-color\">*<em>pour les s\u00e9ances \u00e0 distance prises via Doctena, votre num\u00e9ro de carte bancaire sera demand\u00e9<\/em> lors de la r\u00e9servation (paiement en ligne). <\/p>\n\n\n\n<pre class=\"wp-block-code\"><code><\/code><\/pre>\n","protected":false},"excerpt":{"rendered":"<p>Pour les s\u00e9ances \u00e0 Hautcharage, Perl\u00e9 ou Mondorf-les-Bains , vous pouvez \u00e9galement prendre rendez vous directement sur Doctena.lu via le lien ci-dessous (y compris pour les s\u00e9ances \u00e0 distance*) oue en faisant une recherche sur \u00ab\u00a0Loisel\u00a0\u00bb. S\u00e9verine Loisel (Kinesiologie) \u00e0 L-4949 Hautcharage | Doctena Dans tous les cas, vous pouvez me contacter par e-mail ou &hellip; <\/p>\n<p class=\"link-more\"><a href=\"https:\/\/kinesiologie-luxembourg.com\/?page_id=211\" class=\"more-link\">Continuer la lecture<span class=\"screen-reader-text\"> de &laquo;&nbsp;Rendez-vous via Doctena&nbsp;&raquo;<\/span><\/a><\/p>\n","protected":false},"author":1,"featured_media":0,"parent":0,"menu_order":0,"comment_status":"closed","ping_status":"closed","template":"","meta":{"footnotes":""},"class_list":["post-211","page","type-page","status-publish","hentry"],"_links":{"self":[{"href":"https:\/\/kinesiologie-luxembourg.com\/index.php?rest_route=\/wp\/v2\/pages\/211","targetHints":{"allow":["GET"]}}],"collection":[{"href":"https:\/\/kinesiologie-luxembourg.com\/index.php?rest_route=\/wp\/v2\/pages"}],"about":[{"href":"https:\/\/kinesiologie-luxembourg.com\/index.php?rest_route=\/wp\/v2\/types\/page"}],"author":[{"embeddable":true,"href":"https:\/\/kinesiologie-luxembourg.com\/index.php?rest_route=\/wp\/v2\/users\/1"}],"replies":[{"embeddable":true,"href":"https:\/\/kinesiologie-luxembourg.com\/index.php?rest_route=%2Fwp%2Fv2%2Fcomments&post=211"}],"version-history":[{"count":7,"href":"https:\/\/kinesiologie-luxembourg.com\/index.php?rest_route=\/wp\/v2\/pages\/211\/revisions"}],"predecessor-version":[{"id":236,"href":"https:\/\/kinesiologie-luxembourg.com\/index.php?rest_route=\/wp\/v2\/pages\/211\/revisions\/236"}],"wp:attachment":[{"href":"https:\/\/kinesiologie-luxembourg.com\/index.php?rest_route=%2Fwp%2Fv2%2Fmedia&parent=211"}],"curies":[{"name":"wp","href":"https:\/\/api.w.org\/{rel}","templated":true}]}}