{"id":140,"date":"2019-09-29T19:16:53","date_gmt":"2019-09-29T17:16:53","guid":{"rendered":"http:\/\/www.kinesiologie-luxembourg.com\/?page_id=140"},"modified":"2026-04-18T15:42:26","modified_gmt":"2026-04-18T13:42:26","slug":"services-tarifs","status":"publish","type":"page","link":"https:\/\/kinesiologie-luxembourg.com\/?page_id=140","title":{"rendered":"Services \/ Tarifs"},"content":{"rendered":"<p><span style=\"color: #008080;\">S\u00e9ance <u>en cabinet<\/u>\u00a0:<\/span> 120 euros \u00e0 partir du 01\/06\/2026<\/p>\n<p><span style=\"color: #008080;\">S\u00e9ance <u>\u00e0 domicile<\/u> (incl. animaux)\u00a0:<\/span> 150 euros \u00e0 partir du 01\/06\/2026<\/p>\n<ul>\n<li>un suppl\u00e9ment li\u00e9 au temps de d\u00e9placement \/ distance \u00e0 parcourir pourra \u00eatre demand\u00e9 le cas \u00e9ch\u00e9ant (\u00e0 discuter lors de la prise de rendez-vous)<\/li>\n<li>en cas de s\u00e9ances group\u00e9es (minimum 2 s\u00e9ances), le tarif en cabinet est appliqu\u00e9<\/li>\n<\/ul>\n<p><span style=\"color: #008080;\">S\u00e9ance <u>\u00e0 distance<\/u> : <\/span>120 euros \u00e0 partir du 01\/06\/2026<\/p>\n<p>Pour la prise de rendez-vous et pour toute question par rapport aux services prest\u00e9s \/ tarifs des s\u00e9ances vous pouvez me contacter : <br \/><span style=\"font-size: 1rem;\">&#8211;\u00a0 via e-mail : severine.loisel@hotmail.com ou<br \/><\/span>&#8211; par t\u00e9l\u00e9phone\/SMS\/WhatsApp: <span style=\"color: #008080;\">+352-691-201-108<\/span><\/p>\n<p>et je vous r\u00e9pondrai d\u00e8s que possible.<\/p>\n<p>&nbsp;<\/p>\n<p>En cas de difficult\u00e9s (financi\u00e8res ou autres) ou de besoins sp\u00e9cifiques, n&rsquo;h\u00e9sitez pas \u00e0 m&rsquo;en faire part.<\/p>\n\n\n<p><\/p>\n","protected":false},"excerpt":{"rendered":"<p>S\u00e9ance en cabinet\u00a0: 120 euros \u00e0 partir du 01\/06\/2026 S\u00e9ance \u00e0 domicile (incl. animaux)\u00a0: 150 euros \u00e0 partir du 01\/06\/2026 un suppl\u00e9ment li\u00e9 au temps de d\u00e9placement \/ distance \u00e0 parcourir pourra \u00eatre demand\u00e9 le cas \u00e9ch\u00e9ant (\u00e0 discuter lors de la prise de rendez-vous) en cas de s\u00e9ances group\u00e9es (minimum 2 s\u00e9ances), le tarif &hellip; <\/p>\n<p class=\"link-more\"><a href=\"https:\/\/kinesiologie-luxembourg.com\/?page_id=140\" class=\"more-link\">Continuer la lecture<span class=\"screen-reader-text\"> de &laquo;&nbsp;Services \/ Tarifs&nbsp;&raquo;<\/span><\/a><\/p>\n","protected":false},"author":1,"featured_media":0,"parent":0,"menu_order":0,"comment_status":"closed","ping_status":"closed","template":"","meta":{"footnotes":""},"class_list":["post-140","page","type-page","status-publish","hentry"],"_links":{"self":[{"href":"https:\/\/kinesiologie-luxembourg.com\/index.php?rest_route=\/wp\/v2\/pages\/140","targetHints":{"allow":["GET"]}}],"collection":[{"href":"https:\/\/kinesiologie-luxembourg.com\/index.php?rest_route=\/wp\/v2\/pages"}],"about":[{"href":"https:\/\/kinesiologie-luxembourg.com\/index.php?rest_route=\/wp\/v2\/types\/page"}],"author":[{"embeddable":true,"href":"https:\/\/kinesiologie-luxembourg.com\/index.php?rest_route=\/wp\/v2\/users\/1"}],"replies":[{"embeddable":true,"href":"https:\/\/kinesiologie-luxembourg.com\/index.php?rest_route=%2Fwp%2Fv2%2Fcomments&post=140"}],"version-history":[{"count":8,"href":"https:\/\/kinesiologie-luxembourg.com\/index.php?rest_route=\/wp\/v2\/pages\/140\/revisions"}],"predecessor-version":[{"id":233,"href":"https:\/\/kinesiologie-luxembourg.com\/index.php?rest_route=\/wp\/v2\/pages\/140\/revisions\/233"}],"wp:attachment":[{"href":"https:\/\/kinesiologie-luxembourg.com\/index.php?rest_route=%2Fwp%2Fv2%2Fmedia&parent=140"}],"curies":[{"name":"wp","href":"https:\/\/api.w.org\/{rel}","templated":true}]}}

<p><span style="color: #008080;">Séance <u>en cabinet</u> :</span> 120 euros à partir du 01/06/2026</p>
<p><span style="color: #008080;">Séance <u>à domicile</u> (incl. animaux) :</span> 150 euros à partir du 01/06/2026</p>
<ul>
<li>un supplément lié au temps de déplacement / distance à parcourir pourra être demandé le cas échéant (à discuter lors de la prise de rendez-vous)</li>
<li>en cas de séances groupées (minimum 2 séances), le tarif en cabinet est appliqué</li>
</ul>
<p><span style="color: #008080;">Séance <u>à distance</u> : </span>120 euros à partir du 01/06/2026</p>
<p>Pour la prise de rendez-vous et pour toute question par rapport aux services prestés / tarifs des séances vous pouvez me contacter : <br /><span style="font-size: 1rem;">&#8211;  via e-mail : severine.loisel@hotmail.com ou<br /></span>&#8211; par téléphone/SMS/WhatsApp: <span style="color: #008080;">+352-691-201-108</span></p>
<p>et je vous répondrai dès que possible.</p>
<p>&nbsp;</p>
<p>En cas de difficultés (financières ou autres) ou de besoins spécifiques, n&rsquo;hésitez pas à m&rsquo;en faire part.</p>


<p></p>

<p>Séance en cabinet : 120 euros à partir du 01/06/2026 Séance à domicile (incl. animaux) : 150 euros à partir du 01/06/2026 un supplément lié au temps de déplacement / distance à parcourir pourra être demandé le cas échéant (à discuter lors de la prise de rendez-vous) en cas de séances groupées (minimum 2 séances), le tarif &hellip; </p>
<p class="link-more"><a href="https://kinesiologie-luxembourg.com/?page_id=140" class="more-link">Continuer la lecture<span class="screen-reader-text"> de &laquo;&nbsp;Services / Tarifs&nbsp;&raquo;</span></a></p>
